u?
5
Suppose 4*d - 2*h = -6*h + 8, 13 = 3*d - 4*h. Suppose -r = -d*r + 304. Calculate the greatest common divisor of r and 19.
19
Let j = 11 + -9. Suppose -6 = o - j*o. Calculate the greatest common factor of 6 and o.
6
Suppose 53 = 5*u - 3*i, -21 = -u + 5*i - 6. Let k = u + 60. Suppose -4*q - 2*d + 13 + 109 = 0, 3*d = 15. What is the greatest common factor of k and q?
14
Suppose -5*b + 10 + 10 = -h, -2*b = -3*h + 5. Let l = h - -145. What is the greatest common divisor of 60 and l?
30
Suppose 4*z = 727 + 157. Suppose 0 = 2*w + 2*k - 3*k - z, -2*w + 191 = 5*k. What is the highest common divisor of 12 and w?
12
Let t(j) = -j**3 + 5*j**2 + 6*j + 8. Let b be t(6). Suppose -2*u + 38 = b. Let k be (2 + u/(-9))*39. Calculate the highest common divisor of 65 and k.
13
Let d = -42 + 48. What is the highest common factor of 2 and d?
2
Let h be (-20)/(-3)*48/10. Let a be ((-4)/3)/(2 - 39/18). Let i = h - a. Calculate the highest common divisor of 6 and i.
6
Suppose o - 2*o + 136 = 0. Calculate the highest common factor of o and 17.
17
Let s be -3 + 16 + -5 + 4. Calculate the highest common factor of 24 and s.
12
Suppose -33 = -5*x + 57. Let y = 18 + x. Suppose s - 3 - 3 = 0. Calculate the highest common divisor of y and s.
6
Let a be ((-36)/(-18))/(1*(-4)/(-18)). Calculate the greatest common factor of a and 117.
9
Suppose 5*a + 87 = 4*z, 3*z + 2*a = 74 - 3. Let r = -15 + z. What is the greatest common factor of 1 and r?
1
Suppose 3*a + 4*d - 1686 = a, 5*a - 4215 = 4*d. Suppose 5*f + 213 = a. Let n(h) = 3*h. Let u be n(6). What is the greatest common divisor of u and f?
18
Let z be 15*(3 - 2 - 0). What is the highest common factor of z and 90?
15
Suppose 4*f + s - 12 = 0, 3 = 2*f - 2*s - 3. Calculate the highest common divisor of f and 33.
3
Suppose 6*f = 2*f. Let l be (f - -22*1)*1. Calculate the greatest common factor of l and 55.
11
Let z be -1 - (3 + -10*1). Let j = -1 + 4. Suppose 64 = 2*h - 4*s, 4*h = j*s + 157 - 4. Calculate the greatest common factor of z and h.
6
Suppose -5*k = 4*n - 71 - 60, -k - 69 = -2*n. Suppose 0 = h - 5*h + 204. Calculate the highest common factor of n and h.
17
Let o(d) be the second derivative of -23*d**3/3 + d**2 + 3*d. Let c be o(5). Let r = 492 + c. What is the greatest common factor of r and 24?
24
Let t = -91 - -124. Calculate the greatest common factor of 22 and t.
11
Let o be 50/5*(-36)/(-15) + -4. Suppose 4*g - g - 300 = 0. Calculate the greatest common factor of o and g.
20
Suppose -z + 720 = 4*z. Let h be 2/(-9) - (-492)/27. What is the highest common factor of z and h?
18
Let t(s) = -12*s. Let j(z) = z**3 + 5*z**2 + 5*z - 2. Let b be j(-4). Let c be t(b). Calculate the highest common factor of c and 9.
9
Suppose 0*o - 242 = -o. Let x be (-2)/4 + o/4. What is the greatest common divisor of x and 15?
15
Let r be (9560/(-15))/(-4) + 1/(-3). Calculate the greatest common divisor of r and 53.
53
Suppose 4*q - 2*l - 12 = 98, 3*l - 60 = -3*q. Let z = 47 + q. Calculate the greatest common factor of z and 9.
9
Let y(t) be the third derivative of t**5/60 + t**4/12 - 2*t**2. Let s be y(-3). Calculate the highest common divisor of 18 and s.
3
Let t be 1 - 1 - (-18 + 15). Let i be (-22)/4*(-7 + t). Calculate the greatest common factor of 55 and i.
11
Let z be 2 - 2*(-3 - -2). Suppose 4*w + 4*t - 32 = 0, w - 2*t = t + z. Calculate the greatest common divisor of w and 28.
7
Suppose 0 = 3*l + 5*t + 13, -l - 4*t + 14 = -6*t. Let f be ((-2)/l)/(4/(-152)). What is the greatest common factor of f and 38?
19
Suppose 0 = -3*s - s + 2*p + 2, 24 = 3*s + 3*p. Let a = -4 + s. Let k(j) = -7*j + 1. Let r be k(a). What is the highest common factor of 1 and r?
1
Let f be 1*(-8)/2 + (14 - 0). Suppose -2*j + 356 = 3*j - 3*i, 0 = -3*i - 6. Calculate the highest common divisor of j and f.
10
Let h(c) = c + 150. Let b be h(0). Calculate the greatest common divisor of 30 and b.
30
Let p(a) = a**2 - 8. Let t be p(0). Suppose -74 = -5*n + 2*v, n - 4*v - 7 = -v. Let u = t + n. What is the greatest common divisor of u and 20?
4
Let u be 58/12 - (-4)/24. Let g be (u + -2)*88/3. Calculate the greatest common divisor of 22 and g.
22
Let c(o) = 55*o**3 - 6*o + 4. Let u(f) = -55*f**3 + 7*f - 5. Let r(w) = -6*c(w) - 5*u(w). Let l be r(-1). Calculate the highest common divisor of l and 22.
11
Suppose 0 = 5*f - 2*r + 73, 0*r - 4*r = 4*f + 36. Let u = 3 - f. Let a = 12 + 20. Calculate the highest common divisor of a and u.
16
Suppose -p + 26 = 2*y + p, -4*p + 10 = y. Calculate the highest common divisor of y and 84.
14
Let n be (-2310)/(-195) - (-1)/((-13)/(-2)). Calculate the highest common factor of 12 and n.
12
Let t be -2*(-3)/(-6)*-15. Let k(f) = 26*f + 1. Let s be k(4). What is the highest common divisor of s and t?
15
Let j be ((-60)/14)/(1/(-28)). Suppose -3*d - 14 = -l, 0 = d - 4*l - 5 + 17. Let a = d - -19. What is the greatest common divisor of j and a?
15
Let g = 17 - -1. Suppose -g = -0*b + 3*b. Let m be -4*(-3 + 15/b). What is the greatest common divisor of 198 and m?
22
Let o(q) = -43*q + 4. Let d be o(-4). What is the greatest common factor of 16 and d?
16
Suppose 2*b - 4*b + 56 = 0. What is the highest common factor of 14 and b?
14
Let f be 155 + -1*(-1)/(-1). Suppose -3*o = -10 - 2, 2*d + 3*o = 16. Let t be d/((-2)/(-25)) - 3. Calculate the greatest common divisor of f and t.
22
Let k = -130 - -153. Calculate the greatest common divisor of k and 184.
23
Let y(m) = 3*m**2 + 11*m + 17. Let q be y(-10). Calculate the highest common factor of 23 and q.
23
Let m = 6 + 29. What is the highest common divisor of 7 and m?
7
Let b(s) = 9*s + 6. Let c be b(3). What is the highest common divisor of 11 and c?
11
Suppose 0 = -10*s + 40*s - 1740. Calculate the highest common factor of 232 and s.
58
Let f = -120 + 206. Suppose 114 = 4*w - f. Let s be w/4 - (-5)/(-10). Calculate the highest common factor of s and 36.
12
Let x be -4 + 12 + 1 + 3. Calculate the greatest common factor of x and 30.
6
Let t be -5*(-2 + 3/(-3)). What is the greatest common factor of 3 and t?
3
Let h = 14 - 4. Suppose 4*z - 5*z + 34 = -3*r, -5*r = -4*z + 150. Calculate the highest common divisor of z and h.
10
Suppose 0*n = 2*n - 14. Suppose 0 = 4*x - n + 3. Calculate the greatest common divisor of x and 8.
1
Let x(w) = 2*w - 7. Let s be x(6). Suppose 0*c = s*c - 190. Suppose -c = -6*b + 2*b + 2*y, -b - 2*y = -7. Calculate the highest common divisor of 36 and b.
9
Let r = -1 + 11. Suppose 3*y - 142 = -2*m, 3*y - 142 - 20 = 3*m. What is the highest common divisor of r and y?
10
Suppose -5*l = 3*a - 170, 0 = 4*a - 4*l - l - 215. Let m = -4 - -7. Let t(s) = s**2 - s - 1. Let r be t(m). Calculate the greatest common divisor of r and a.
5
Suppose 2*v + 41 = 5*v + 5*j, -3*v - j = -49. Let n = 40 - 23. What is the highest common factor of n and v?
17
Let n = -22 - -37. What is the greatest common divisor of 10 and n?
5
Let i(x) = 3*x - 7. Suppose -2*a - a + 63 = 0. Suppose -4*g + a = -7. Let l be i(g). Calculate the highest common divisor of l and 98.
14
Suppose 0 = -5*v - 7 - 3. Let p = 17 + v. What is the greatest common divisor of p and 120?
15
Let w(y) = -y**3 + y**2 + y + 5. Let h be w(0). Let n(b) = 35*b - 7. Let j be n(h). Suppose -2*f - 2*f + j = 0. Calculate the highest common divisor of f and 7.
7
Let n = -19 + 32. Calculate the highest common divisor of n and 39.
13
Let o(n) = -2*n - 3. Let w be o(-4). Suppose -16 = -w*x + 14. Calculate the highest common factor of x and 6.
6
Let k(d) = -d**2 + 5*d + 3. Let g be k(3). Calculate the greatest common divisor of g and 27.
9
Let a be 0/(-2) - (3 + -1). Let m be (a + -4)/((-2)/35). Let o be (m/(-6))/(1/(-2)). What is the greatest common factor of o and 14?
7
Suppose 2*s + 3*q = 96, -3*s = -2*q + q - 144. Let n(j) = j**3 + j**2 - j + 32. Let d be n(0). What is the highest common factor of s and d?
16
Let n be 6 + 7/(-2)*(-88)/154. What is the highest common divisor of 20 and n?
4
Let x(a) = a**2 + 5*a + 4. Let v be x(-5). Suppose 2*t - 25 = 5*i, -t = v*i - 0*i + 7. Suppose y - 50 = -y. What is the highest common factor of y and t?
5
Let n be (6 - 3) + 1*9. Let g be n/4 + -3 - -40. Calculate the greatest common factor of 16 and g.
8
Suppose 3*r = 4*r - x - 43, -3*r = -4*x - 132. Suppose b - r = -4*b. What is the highest common f